086?
294
What is the remainder when 2507975 is divided by 29?
26
What is the remainder when 20032 is divided by 1664?
64
Calculate the remainder when 18932 is divided by 2701.
25
What is the remainder when 801 is divided by 245?
66
What is the remainder when 1086 is divided by 32?
30
What is the remainder when 1859 is divided by 134?
117
Calculate the remainder when 197116 is divided by 13.
10
Calculate the remainder when 544 is divided by 338.
206
Calculate the remainder when 5657 is divided by 430.
67
Calculate the remainder when 217405 is divided by 335.
325
Calculate the remainder when 15517 is divided by 19.
13
Calculate the remainder when 68170 is divided by 121.
47
Calculate the remainder when 15089 is divided by 314.
17
Calculate the remainder when 845 is divided by 608.
237
Calculate the remainder when 1126 is divided by 368.
22
What is the remainder when 4871 is divided by 53?
48
What is the remainder when 13133 is divided by 1744?
925
What is the remainder when 64162 is divided by 11?
10
Calculate the remainder when 31409 is divided by 21.
14
What is the remainder when 12373 is divided by 309?
13
What is the remainder when 285 is divided by 182?
103
Calculate the remainder when 8959 is divided by 2232.
31
Calculate the remainder when 31872 is divided by 664.
0
What is the remainder when 1105 is divided by 65?
0
Calculate the remainder when 28556 is divided by 175.
31
What is the remainder when 6437 is divided by 790?
117
What is the remainder when 15704 is divided by 5208?
80
Calculate the remainder when 42419 is divided by 202.
201
What is the remainder when 126276 is divided by 220?
216
Calculate the remainder when 168965 is divided by 239.
231
Calculate the remainder when 5354 is divided by 220.
74
Calculate the remainder when 84797 is divided by 4988.
1
Calculate the remainder when 2059 is divided by 286.
57
What is the remainder when 5397 is divided by 362?
329
Calculate the remainder when 473842 is divided by 702.
694
Calculate the remainder when 1172779 is divided by 213.
1
Calculate the remainder when 3072967 is divided by 42.
37
Calculate the remainder when 195172 is divided by 97583.
6
Calculate the remainder when 1412747 is divided by 108.
107
What is the remainder when 8358 is divided by 164?
158
Calculate the remainder when 20815 is divided by 1094.
29
What is the remainder when 357299 is divided by 149?
146
Calculate the remainder when 8302 is divided by 3909.
484
Calculate the remainder when 4696 is divided by 53.
32
What is the remainder when 1873 is divided by 624?
1
Calculate the remainder when 2637 is divided by 203.
201
What is the remainder when 2285 is divided by 773?
739
Calculate the remainder when 1829 is divided by 388.
277
Calculate the remainder when 838548 is divided by 207.
198
What is the remainder when 10791 is divided by 24?
15
What is the remainder when 8451 is divided by 8397?
54
Calculate the remainder when 383359 is divided by 24.
7
What is the remainder when 1841980 is divided by 971?
964
What is the remainder when 1452 is divided by 120?
12
Calculate the remainder when 2035 is divided by 919.
197
Calculate the remainder when 664600 is divided by 6.
4
What is the remainder when 3151 is divided by 3116?
35
Calculate the remainder when 62919 is divided by 31452.
15
What is the remainder when 43022 is divided by 525?
497
Calculate the remainder when 1175 is divided by 358.
101
What is the remainder when 5747 is divided by 1119?
152
What is the remainder when 14976 is divided by 28?
24
What is the remainder when 7934 is divided by 1584?
14
Calculate the remainder when 2619 is divided by 383.
321
What is the remainder when 372020 is divided by 11273?
11
Calculate the remainder when 820 is divided by 406.
8
Calculate the remainder when 300619 is divided by 444.
31
What is the remainder when 106763 is divided by 193?
34
Calculate the remainder when 1286976 is divided by 103.
94
What is the remainder when 7005 is divided by 369?
363
Calculate the remainder when 267177 is divided by 365.
362
What is the remainder when 47326 is divided by 34?
32
Calculate the remainder when 15000 is divided by 796.
672
Calculate the remainder when 5001 is divided by 527.
258
Calculate the remainder when 1785 is divided by 1161.
624
What is the remainder when 80627 is divided by 625?
2
What is the remainder when 31283 is divided by 10424?
11
Calculate the remainder when 25628 is divided by 6259.
592
Calculate the remainder when 20433 is divided by 305.
303
Calculate the remainder when 16116 is divided by 278.
270
What is the remainder when 4767 is divided by 136?
7
What is the remainder when 1341 is divided by 385?
186
What is the remainder when 8197 is divided by 6?
1
Calculate the remainder when 192 is divided by 187.
5
What is the remainder when 3696 is divided by 1205?
81
Calculate the remainder when 269513 is divided by 3.
2
What is the remainder when 10750 is divided by 10500?
250
Calculate the remainder when 37302 is divided by 1784.
1622
Calculate the remainder when 59036 is divided by 3279.
14
What is the remainder when 190428 is divided by 278?
276
Calculate the remainder when 8970 is divided by 1096.
202
Calculate the remainder when 40617 is divided by 5786.
115
What is the remainder when 23486 is divided by 18?
14
Calculate the remainder when 12012 is divided by 3961.
129
What is the remainder when 2891963 is divided by 211?
208
Calculate the remainder when 7934 is divided by 19.
11
What is the remainder when 136919 is divided by 68432?
55
What is the remainder when 4873 is divided by 132?
121
What is the remainder when 24698 is divided by 4?
2
Calculate the remainder when 2864 is divided by 712.
16
What is the remainder when 463085 is divided by 13231?
0
Calculate the remainder when 33944 is divided by 11.
9
Calculate the remainder when 151 is divided by 33.
19
Calculate the remainder when 14435 is divided by 51.
2
Calculate the remainder when 102931 is divided by 427.
24
Calculate the remainder when 97053 is divided by 522.
483
What is the remainder when 73422 is divided by 3?
0
Calculate the remainder when 271 is divided by 74.
49
Calculate the remainder when 5199 is divided by 176.
95
Calculate the remainder when 2355 is divided by 197.
188
Calculate the remainder when 325364 is divided by 268.
12
Calculate the remainder when 7503 is divided by 2500.
3
Calculate the remainder when 11812 is divided by 223.
216
What is the remainder when 22534 is divided by 282?
256
What is the remainder when 26447 is divided by 8810?
17
What is the remainder when 5825 is divided by 47?
44
Calculate the remainder when 32734 is divided by 24.
22
What is the remainder when 236126 is divided by 731?
13
Calculate the remainder when 240 is divided by 225.
15
What is the remainder when 12322 is divided by 48?
34
Calculate the remainder when 192511 is divided by 108.
55
Calculate the remainder when 1784297 is divided by 543.
542
Calculate the remainder when 14110 is divided by 72.
70
What is the remainder when 737 is divided by 446?
291
What is the remainder when 19973 is divided by 9982?
9
Calculate the remainder when 14804 is divided by 45.
44
What is the remainder when 29207 is divided by 380?
327
What is the remainder when 1257 is divided by 597?
63
Calculate the remainder when 119863 is divided by 125.
113
What is the remainder when 1210 is divided by 1187?
23
What is the remainder when 77142 is divided by 233?
19
Calculate the remainder when 7051 is divided by 295.
266
What is the remainder when 2248 is divided by 320?
8
What is the remainder when 9474 is divided by 789?
6
What is the remainder when 3263 is divided by 3235?
28
What is the remainder when 64532 is divided by 1343?
68
Calculate the remainder when 1616 is divided by 411.
383
What is the remainder when 12902 is divided by 287?
274
Calculate the remainder when 1168 is divided by 127.
25
Calculate the remainder when 2498 is divided by 64.
2
What is the remainder when 13821 is divided by 25?
21
What is the remainder when 31515 is divided by 1266?
1131
What is the remainder when 1565 is divided by 49?
46
What is the remainder when 105748 is divided by 25?
23
Calculate the remainder when 779 is divided by 33.
20
Calculate the remainder when 4860 is divided by 62.
2